0*j + j - y*a. Suppose 0 = f + 5 - 1, j*r - 3*f - 58 = 0. What is the units digit of r?
3
Suppose -5*a + 10 = -a + 3*q, -2*a = 4*q. Let v = 8 + -3. Suppose a*g + g = v. What is the units digit of g?
1
Suppose 0 = -4*n - p + 18 + 42, -4*p = n. Let b be ((-1)/4)/((-2)/n). Suppose 5*w = -3*t + 18 + 9, 3*t = -b*w + 27. What is the units digit of t?
9
Let d be (-2)/((6/43)/(-3)). Let m = 75 - d. Let f = m + -16. What is the tens digit of f?
1
Let v(m) = m**3 + 8*m**2 + 4*m + 4. Let k be v(-5). Let o = 23 - k. Let y = -16 - o. What is the units digit of y?
0
Let c(f) = -63*f - 10. What is the tens digit of c(-1)?
5
Let q(m) be the second derivative of 9*m - 1/12*m**4 - m**3 + m**2 + 0. What is the units digit of q(-4)?
0
Suppose 91 = 8*b + 5*b. Let m(z) = -z**3 + 12*z**2 + z - 3. What is the tens digit of m(b)?
4
Suppose 3*c = -2*t - 28, 4*t + 11 = -2*c - 5. Let y = -23 - c. Let f(k) = -2*k + 13. What is the tens digit of f(y)?
3
Let t(w) = w**3 + 6*w**2 - 7*w + 2. Let y be t(-7). Suppose y*r + 10 = 0, 9 - 2 = -4*c - 3*r. What is the units digit of c?
2
Suppose 3*t + 4*y + 34 = 0, -4*y + 22 = -t - 0*t. Let p(u) = -u**3 - 15*u**2 - 18*u + 30. What is the units digit of p(t)?
6
Suppose 0 = -9*t + 17*t - 328. What is the units digit of t?
1
Suppose n = 0, -12 - 108 = -5*m - 5*n. Let p = 21 + -5. Let w = m - p. What is the units digit of w?
8
Let o = 65 + -127. Let b = 104 + o. Suppose 3*l - b = -3*h - 2*l, 4*l = -4*h + 48. What is the units digit of h?
9
Let c = 514 + -368. What is the tens digit of c?
4
Let t(z) = -5*z**3 - z**2 - 5*z - 27. What is the hundreds digit of t(-3)?
1
What is the units digit of 661 - (9 - 7 - 7)?
6
Let d = -31 - -36. Suppose -4*k - 52 = -d*k. What is the tens digit of k?
5
What is the hundreds digit of 5284/2 + (-55)/11 - -3?
6
Let r(q) = 6*q**2 - 3. Suppose -20 = -4*p - 4*n, p + 3*p - 5*n = 20. What is the units digit of r(p)?
7
Let r be ((-3)/6)/(1/(-2)). Suppose -5*n = -q - 244, 5*q + r = 6. What is the tens digit of n?
4
Let i(s) = 82*s + 12. Let p(g) = -g - 1. Let v(h) = -i(h) - 8*p(h). What is the tens digit of v(-2)?
4
Suppose -o + 4*r = -638, -2*r + 1276 = 2*o - r. What is the units digit of o?
8
Let d = 8 - -7. Suppose 3*z = -v + z + d, 0 = -v + 5*z + 50. What is the tens digit of v?
2
Let c = 1641 + -1029. What is the units digit of c?
2
Let z(b) = -b**3 - 16*b**2 - 9*b - 4. Suppose -91*g + 93*g = -32. What is the hundreds digit of z(g)?
1
Suppose -497 + 119 = -3*a. What is the tens digit of (-4)/(-7) + 18072/a?
4
Suppose -1704 = -6*y + 2928. What is the tens digit of y?
7
What is the hundreds digit of ((-1412)/14)/((-442)/(-91) - 5)?
7
Suppose -164 = 5*g - 839. Suppose -108 = -3*w + g. What is the units digit of w?
1
Suppose -1720 = -5*x + 5*b, 9*b + 1724 = 5*x + 6*b. What is the units digit of x?
6
Suppose -5*g + 36 = 4*g. Suppose -4*j + 3*v = -27 - 6, -4*j + g*v = -36. Suppose -j*m + 130 = -14. What is the units digit of m?
4
What is the hundreds digit of 1276/7 + (4 - (-30)/(-7))?
1
Let q(n) = n**2 - 13*n + 5. Suppose -2*g + 20 + 4 = 0. Let v be q(g). Let s(f) = -f**2 - 12*f - 4. What is the tens digit of s(v)?
3
Let g(s) = -121*s**2 + s + 1. Let a be g(-2). Let p be (-6)/9 - a/(-15). What is the units digit of 53/11 - 6/p?
5
Suppose 0 = 3*g + 1 + 17. Let o(s) = s**3 + 9*s**2 + 4*s - 5. What is the tens digit of o(g)?
7
Suppose -30*o + 21*o + 17172 = 0. What is the tens digit of o?
0
Suppose 0*l + 4 = -2*l. Let w = 0 - l. What is the units digit of 5/(5/w) + 5?
7
Let v(g) = -g**3 + 6*g**2 - g + 8. Let m = 11 - -19. Let t = m - 24. What is the units digit of v(t)?
2
Let h = 58 - 32. Suppose -10 = 2*x - h. Suppose 8 = 4*g - x. What is the units digit of g?
4
Let d(i) = 2*i**2 - 6*i + 10. Let b be (27/(-15))/(6/(-20)). What is the units digit of d(b)?
6
Let i(w) = -2*w + 22. Let g be i(7). Let h = g - 4. What is the units digit of h?
4
Let j be 6 + (-3 - -2)*4 + 2. Suppose 5*z = -j*z + 657. What is the tens digit of z?
7
Suppose -38*v + 3303 = -37*v. What is the thousands digit of v?
3
Let g(a) = 85*a**2 - 5*a - 8. What is the hundreds digit of g(-3)?
7
What is the tens digit of ((-4990)/7)/((-88)/308)?
9
Suppose k - 284 = r, -k + 5*r = -0*k - 304. Suppose -156 = -2*h - 3*w - 17, -4*h - 5*w + k = 0. What is the units digit of h?
1
Suppose 6*v - 6 + 6 = 0. Suppose 10*c + 0*c - 1040 = v. What is the hundreds digit of c?
1
Suppose -38*v + 28*v + 16470 = 0. What is the hundreds digit of v?
6
Let f = 18 - 15. Suppose -2*z + 0*z - f*n + 17 = 0, -23 = -5*z - n. Suppose 0 = -z*w + 62 + 34. What is the units digit of w?
4
Suppose 3*i = -9*y + 4*y + 2926, -3*i = -6. What is the units digit of y?
4
Let g(l) be the second derivative of l**4/12 + 5*l**2/2 - 8*l. Let w be g(0). Suppose 0*n = -w*r + 3*n + 364, -4*n - 154 = -2*r. What is the tens digit of r?
7
Suppose 3*y - 119 - 586 = 3*q, 0 = -2*y + q + 468. What is the hundreds digit of y?
2
Let o(i) = -i**3 - 10*i**2 + 9*i - 22. Let l be o(-11). Let y = l - -45. What is the units digit of y?
5
Suppose -y + 18 = -4. Let j = y + 25. What is the units digit of j?
7
Let z(q) be the first derivative of -31*q**2/2 - q - 18. What is the hundreds digit of z(-5)?
1
Let s = -91 + 14. Let m = 130 + s. What is the units digit of m?
3
Let y = -1664 - -5076. What is the thousands digit of y?
3
What is the units digit of 7/(315/(-10)) + 27055/45?
1
Let k be -41 - (-7 + 2) - (3 + 0). What is the tens digit of (-1885)/k + (-8)/6?
4
Let j be ((-12)/(-10))/(2/(-20)). Let k = -14 - j. What is the units digit of k/2*-1*9?
9
What is the hundreds digit of 3400/15 - 6/(-18)?
2
Suppose 564 = 26*b - 22*b. What is the tens digit of b?
4
Let r be 1968/66 - (-4)/22. What is the units digit of 1480/r - (-2)/3?
0
Suppose -3*d = 2*d - 15. Suppose 2 = j, j - 25 = d*w - 257. What is the units digit of w?
8
Let a = 17 - 17. Suppose a = 2*y + b - 24 - 152, 5*b = 20. Suppose -5*h = -c + y, 0*c - 4*c + 248 = 4*h. What is the tens digit of c?
6
What is the tens digit of (-3)/((-168)/23216) - (-9)/21?
1
Suppose 562*s - 560*s - 2064 = 0. What is the thousands digit of s?
1
Let v(n) = -n**3 - 8*n**2 - 8. Suppose 0 = -5*u - 40. Let t be v(u). What is the tens digit of ((-66)/(-4))/((-6)/t)?
2
Suppose -4*k - p = 3*p - 676, -k + 184 = -2*p. What is the tens digit of (k - 0)*(-4)/24*-3?
8
Let x(f) = 8*f**2 - 48*f - 3. What is the units digit of x(9)?
3
Let l(v) = -2*v**2 + 32*v - 55. Let x be l(27). Let p = -439 - x. What is the hundreds digit of p?
2
Suppose j - 3*o - 15 = -2*j, 5*o = 2*j - 7. Suppose 0*t = -j*t - 30. Let x(h) = -h**2 - 7*h - 6. What is the units digit of x(t)?
4
Let l = 618 + -117. What is the hundreds digit of l?
5
Suppose -276 = -4*s + 3*s. What is the tens digit of s?
7
Let z = -117 + 243. What is the tens digit of z?
2
Let r(n) be the first derivative of -19*n**2/2 - 7*n - 28. What is the units digit of r(-2)?
1
Let r(v) = v**3 + 31*v**2 - 38*v - 7. What is the hundreds digit of r(-26)?
3
Suppose -2*v - v + 9 = 0. Suppose -3*a - v*y = -21, 0 = 5*a - y - 11. Suppose -s = -2*n + 27, a*n - 21 = n - s. What is the tens digit of n?
1
Suppose -3*t = 2*y - 10 - 11, 3*y - 24 = -3*t. Suppose -y*n = -122 - 130. What is the tens digit of n?
8
Let t(r) = 97*r - 291. What is the units digit of t(13)?
0
Let n be 6 - (4 - (2 - 0)). Suppose -n*w + 402 = 5*c, 0*w - 318 = -4*c - 2*w. What is the tens digit of c/7 - (-1)/(-7)?
1
Suppose 0 = o + 4, -2*n = -7*n + 2*o - 52. Let h = 10 + n. What is the tens digit of 93/6 - h/4?
1
Suppose 9 = 2*j - 35. Suppose -3*q + 17 + j = 0. Suppose 5*b - 310 = 5*t, -3 = -4*t + q. What is the tens digit of b?
6
Let d(a) = -5*a - 4 - 1 - 11. Suppose -3*t + 10 = -2*g, -2 = g - 2*t + 3. What is the units digit of d(g)?
9
Let t be 1406/10 - 52/(-130). Suppose 0 = -9*g + 6*g + t. What is the tens digit of g?
4
Suppose -3*y + 63 = 24. Let h = -1 + 5. Let t = y - h. What is the units digit of t?
9
Let f be (-634)/(-16) - (-6)/16. Let t = f - 15. What is the units digit of t?
5
Let c be -6*(-3 + (-2)/(-1)). Suppose 0*b + 22 = 11*b. What is the tens digit of ((-8)/c)/(b/(-15))?
1
Let z be ((-1)/(-3))/(2/132). Suppose -4*h = -3*h + z. Let r = 5 - h. What is the tens digit of r?
2
Suppose 0 = 5*o + 455 - 160. Let j = 10 + -135. Let k = o - j. What is the units digit of k?
6
Let l(z) = -2*z